{"id":146,"date":"2026-02-11T18:32:32","date_gmt":"2026-02-11T17:32:32","guid":{"rendered":"https:\/\/parkhero24.de\/nue-flughafen-parken\/?page_id=146"},"modified":"2026-02-20T00:55:22","modified_gmt":"2026-02-19T23:55:22","slug":"impressum","status":"publish","type":"page","link":"https:\/\/parkhero24.de\/nue-flughafen-parken\/impressum\/","title":{"rendered":"Impressum"},"content":{"rendered":"\t\t<div data-elementor-type=\"wp-page\" data-elementor-id=\"146\" class=\"elementor elementor-146\">\n\t\t\t\t<div class=\"elementor-element elementor-element-1ab6b76 e-con-full e-flex e-con e-parent\" data-id=\"1ab6b76\" data-element_type=\"container\" data-e-type=\"container\">\n\t\t<div class=\"elementor-element elementor-element-3505dda e-con-full e-flex e-con e-child\" data-id=\"3505dda\" data-element_type=\"container\" data-e-type=\"container\">\n\t\t\t\t<div class=\"elementor-element elementor-element-66d62fa elementor-widget elementor-widget-text-editor\" data-id=\"66d62fa\" data-element_type=\"widget\" data-e-type=\"widget\" data-widget_type=\"text-editor.default\">\n\t\t\t\t\t\t\t\t\t<p><strong>ParkHero24.de wird betrieben von:<\/strong><br><strong>Park4Fly GmbH<\/strong><br>Zwickauer Stra\u00dfe 2<br>90513 Zirndorf<br>Deutschland<\/p>\n<p><strong>Gesch\u00e4ftsf\u00fchrer:<\/strong><br>Yaser Nadjar<\/p>\n<p><strong>Kontakt:<\/strong><br>E-Mail:&nbsp;<a href=\"mailto:info@parkhero24.de\">info@parkhero24.de<\/a><br>Telefon: 0 156 156 156 25<\/p>\n<p><strong>Registereintrag:<\/strong><br>Falls vorhanden: Handelsregistereintrag beim Amtsgericht F\u00fcrth<\/p>\n<p><strong>Umsatzsteuer-Identifikationsnummer:<\/strong><br>DE338171795<\/p>\n<p><strong>Verantwortlich f\u00fcr den Inhalt nach \u00a7 18 Abs. 2 MStV:<\/strong><br>Yaser Nadjar<br>Zwickauer Stra\u00dfe 2, 90513 Zirndorf<\/p>\n<p><strong>Haftungshinweis:<\/strong><br>Trotz sorgf\u00e4ltiger inhaltlicher Kontrolle \u00fcbernehmen wir keine Haftung f\u00fcr die Inhalte externer Links. F\u00fcr den Inhalt verlinkter Seiten sind ausschlie\u00dflich deren Betreiber verantwortlich.<\/p>\n<p><strong>Online-Streitbeilegung gem\u00e4\u00df Art. 14 Abs. 1 ODR-VO:<\/strong><br>Die Europ\u00e4ische Kommission stellt eine Plattform zur Online-Streitbeilegung (OS) bereit:<br><a href=\"https:\/\/ec.europa.eu\/consumers\/odr\/\">https:\/\/ec.europa.eu\/consumers\/odr\/<\/a><\/p>\t\t\t\t\t\t\t\t<\/div>\n\t\t\t\t<\/div>\n\t\t\t\t<\/div>\n\t\t\t\t<\/div>\n\t\t","protected":false},"excerpt":{"rendered":"<p>ParkHero24.de wird betrieben von:Park4Fly GmbHZwickauer Stra\u00dfe 290513 ZirndorfDeutschland Gesch\u00e4ftsf\u00fchrer:Yaser Nadjar Kontakt:E-Mail:&nbsp;info@parkhero24.deTelefon: 0 156 156 156 25 Registereintrag:Falls vorhanden: Handelsregistereintrag beim Amtsgericht F\u00fcrth Umsatzsteuer-Identifikationsnummer:DE338171795 Verantwortlich f\u00fcr den Inhalt nach \u00a7 18 Abs. 2 MStV:Yaser NadjarZwickauer Stra\u00dfe 2, 90513 Zirndorf Haftungshinweis:Trotz sorgf\u00e4ltiger inhaltlicher Kontrolle \u00fcbernehmen wir keine Haftung f\u00fcr die Inhalte externer Links. F\u00fcr den Inhalt verlinkter [&hellip;]<\/p>\n","protected":false},"author":1,"featured_media":0,"parent":0,"menu_order":0,"comment_status":"closed","ping_status":"closed","template":"elementor_header_footer","meta":{"footnotes":""},"class_list":["post-146","page","type-page","status-publish","hentry"],"_links":{"self":[{"href":"https:\/\/parkhero24.de\/nue-flughafen-parken\/wp-json\/wp\/v2\/pages\/146","targetHints":{"allow":["GET"]}}],"collection":[{"href":"https:\/\/parkhero24.de\/nue-flughafen-parken\/wp-json\/wp\/v2\/pages"}],"about":[{"href":"https:\/\/parkhero24.de\/nue-flughafen-parken\/wp-json\/wp\/v2\/types\/page"}],"author":[{"embeddable":true,"href":"https:\/\/parkhero24.de\/nue-flughafen-parken\/wp-json\/wp\/v2\/users\/1"}],"replies":[{"embeddable":true,"href":"https:\/\/parkhero24.de\/nue-flughafen-parken\/wp-json\/wp\/v2\/comments?post=146"}],"version-history":[{"count":19,"href":"https:\/\/parkhero24.de\/nue-flughafen-parken\/wp-json\/wp\/v2\/pages\/146\/revisions"}],"predecessor-version":[{"id":461,"href":"https:\/\/parkhero24.de\/nue-flughafen-parken\/wp-json\/wp\/v2\/pages\/146\/revisions\/461"}],"wp:attachment":[{"href":"https:\/\/parkhero24.de\/nue-flughafen-parken\/wp-json\/wp\/v2\/media?parent=146"}],"curies":[{"name":"wp","href":"https:\/\/api.w.org\/{rel}","templated":true}]}}